ve of z**7/5040 + z**6/72 + z**5/15 + 4*z**2. Let m(b) be the third derivative of a(b). What are the prime factors of m(12)?
2, 11
Let i be (16/(-6))/4 - (-592)/24. Suppose -29*k + 1390 = -i*k. What are the prime factors of k?
2, 139
Let o = -103 + 103. Suppose 5*m - 530 = -o*m. What are the prime factors of m?
2, 53
Let g(l) = 5*l + 6. Let j(m) = -m - 8. Let h be j(-18). What are the prime factors of g(h)?
2, 7
Suppose 4*y - 3*t + 1824 = 0, y + 456 = -0*y - 2*t. List the prime factors of y/(-33) + (-10)/(-55).
2, 7
Let x = -24 + 26. Let z be -6*(0 + (-1)/x). Suppose 0 = -a - 5*f - z + 36, 117 = 3*a - 3*f. What are the prime factors of a?
2, 19
Let t be ((-6)/4)/(6/1800*-9). Suppose l = -t + 245. List the prime factors of l.
3, 5, 13
Let w = -14 + -18. Let j = w + 35. Suppose 0*u - 2*u = j*h - 131, 2 = -u. List the prime factors of h.
3, 5
Suppose 5*u + 2*l - 6 = 0, 2*u - u + 12 = 4*l. Suppose u = 9*o - 8*o - 107. List the prime factors of o.
107
Let a(w) = w**3 + 7*w**2 + 11*w + 78. What are the prime factors of a(7)?
29
Let b = -82 - -42. What are the prime factors of 22*(-9)/24*b/15?
2, 11
Suppose -5*j = 229 - 29. List the prime factors of (59 + 1)*(-48)/j.
2, 3
Let j be 2/(-3)*3 - -4 - 171. Let k = 242 + j. What are the prime factors of k?
73
Let i(y) = 24*y**2 - 16*y + 8. Let z be i(6). List the prime factors of 6/4*z/6.
2, 97
List the prime factors of (28/56 + 1021/2)*3.
3, 7, 73
Suppose 4*u - 5*j = 7, -5*u + 5*j = -0*u - 10. Suppose 2*q = u*q - 20. What are the prime factors of q?
2, 5
Let j = -71 - -74. List the prime factors of (-298)/4*(3 + -2 - j).
149
Let v(p) = 164*p - 13. What are the prime factors of v(2)?
3, 5, 7
Let n be (153/12)/(12/32). Let w = n + -26. Suppose -252 = -w*o + o. What are the prime factors of o?
2, 3
Suppose 3*m - g = 19, -3 = -0*m - m - 3*g. Let v be -2 - (2 - (3 + m)). Suppose -15 = -v*p + 40. List the prime factors of p.
11
Let o(t) be the first derivative of t**4/4 - 4*t**3/3 + t**2/2 + 2*t - 7. Let n be o(5). Let d = 4 + n. What are the prime factors of d?
2, 3
What are the prime factors of ((-278)/6)/((-12)/36)?
139
What are the prime factors of (2 + (-5427)/6)*12/(-10)?
3, 19
Let j(c) = -c - 4. Let q be j(-6). Let k = q - -21. Suppose -2*u - 3*g = -u - k, 4*g = u + 12. List the prime factors of u.
2
Suppose 344*v - 342*v = 1802. List the prime factors of v.
17, 53
Let r(q) = 4*q - 2. Let w = 3 - 0. Let z be r(w). Let c = 21 + z. List the prime factors of c.
31
Let l(q) = -19*q + 16. Let o be l(11). Let w = -103 - o. What are the prime factors of w?
2, 3, 5
Suppose 18208 = -33*j + 51670. List the prime factors of j.
2, 3, 13
Suppose -5540 = 9*b - 14765. What are the prime factors of b?
5, 41
Let c(a) = -a**3 + 7*a**2 + a - 7. Suppose -3*s + 14 = z, -2*s + 5*z + 7 = -8. List the prime factors of c(s).
2, 3
Let b = -9 + 15. Let x(t) = -1 + 2 + 11*t - 7 - 3. List the prime factors of x(b).
3, 19
Suppose 3*k = -4*v + 8378, 2*v - k + 643 = 4827. List the prime factors of v.
7, 13, 23
Suppose -4*i - p + 7 = -4*p, 2*i + 2*p = -14. What are the prime factors of (-2 + i/2)*(-132)/9?
2, 11
Let p = -93 - -95. Let n(j) = 10*j**3 - j**2 + 3*j - 2. What are the prime factors of n(p)?
2, 5
Let l(f) = -6*f - 10. Let x be l(-11). Suppose -x = -4*k - 5*z - 9, 0 = 5*k - 3*z - 31. List the prime factors of k.
2
What are the prime factors of (-4)/26 + (-9624)/(-26)?
2, 5, 37
Let k(i) = -i**3 + 13*i**2 + 25*i - 1. List the prime factors of k(11).
2, 3, 43
Suppose 16 = 4*v, -31 = -3*k - 5*v + 922. Suppose 0 = -3*i - 3*s + 420, -119 = -3*i + 2*s + k. List the prime factors of i.
2, 71
Let z = 1201 - -1121. What are the prime factors of z?
2, 3, 43
Let j be ((-14)/(-2))/((-3)/(-9)). Let t = j - -2. List the prime factors of t.
23
Let o(y) = -3*y**2 + 10*y + 63. Let r(x) = -2*x**2 + 7*x + 42. Let l(i) = -5*o(i) + 7*r(i). What are the prime factors of l(14)?
7, 23
Suppose 5*k = 10*k. Suppose k = r - g - 37, 52 = 3*r + 5*g - 35. Let s = -8 + r. List the prime factors of s.
2, 13
Let i(d) = -d**3 + 4*d**2 + 4. Let p be i(4). Suppose p*j - 3 = 5*j. Let t(u) = 4*u**2 + 3*u + 3. List the prime factors of t(j).
2, 3, 5
Suppose -3*d - 25 = -4*f - f, -10 = -2*f - 5*d. Suppose -f*b - v = -5*v - 26, 4*b = -v + 4. Suppose b*z - 46 = 8. List the prime factors of z.
3
Let o = 69 - 65. Suppose -o = 4*m, 5*d - 200 - 256 = -4*m. List the prime factors of d.
2, 23
Let n be -5 - -3 - (2 - 4). Suppose 16 = -n*v + v - 2*g, 104 = 5*v + 2*g. Suppose -5*x - 4*i = -4*x + 17, v = -4*i. List the prime factors of x.
3
Suppose 4*x - 8 = -4*z, -4*x + 3*z + 12 = -10. Suppose 0 = 10*f - x*f - 420. List the prime factors of f.
2, 5, 7
Suppose -2*p + 1091 = 5*f, -4*p + 2200 = 12*f - 8*f. List the prime factors of p.
7, 79
Suppose 3*a - 5*a = -n + 4, 3*a + 4*n = 16. Suppose 4*b + 2*j - 18 = a, -4 = b - 4*j + 5. Suppose l - 2 = b. List the prime factors of l.
5
Let d = -74 - -61. Let u(i) = -i**2 - i + 1. Let q(y) = 4*y**2 - 7*y + 1. Let s(j) = -q(j) - 5*u(j). What are the prime factors of s(d)?
7
Let w(b) = 3*b**3 + 8*b + 5. Let k be w(4). Suppose 4*x = 3*a - k, x = 3*a + 2*x - 254. List the prime factors of a.
83
Suppose -f = 2*z - 4*z + 9566, 5*z = 5*f + 23910. What are the prime factors of z?
2, 13, 23
Let h = 33 - 3. Let j = 591 + -615. Let z = h + j. What are the prime factors of z?
2, 3
What are the prime factors of 19/(-3 - -4 - 48/49)?
7, 19
Let s(v) = -v + 24. Suppose 5*i = 14 + 6, 2*i + 28 = 2*x. Let b = -8 + x. List the prime factors of s(b).
2, 7
Let j be (-2)/(-2) + -1 + 2. Let k be (((-3)/2)/(-1))/((-2)/(-16)). Suppose k = i + j*i. List the prime factors of i.
2
Let l be (-2)/(((-12)/11)/6). Suppose l*v = 12*v - 222. What are the prime factors of v?
2, 3, 37
Let k be (2/4)/((-2)/(-20)). Suppose i + 3*i + 243 = -3*m, -k*m = 5*i + 300. List the prime factors of i/(-27) + (-1)/3.
2
Suppose 0 = -9*s + 1861 - 205. Let h = s - 88. What are the prime factors of h?
2, 3
Let n(o) = -o**2 - 12*o + 6. Let j be n(-13). Let d(c) = c**2 + 3*c - 5. List the prime factors of d(j).
23
Let u(k) = k**2 - 2*k - 7. Let n be u(-3). Suppose 172 = n*t - 924. List the prime factors of t.
137
Let h = 8010 + -5095. What are the prime factors of h?
5, 11, 53
What are the prime factors of ((-5)/((-25)/8305) - 5) + -6?
2, 3, 5, 11
Let w = -50 - 7. Let k = -30 - w. List the prime factors of k.
3
Let u(m) = 244*m - 41. What are the prime factors of u(6)?
1423
Let g(p) = -75*p + 1227. List the prime factors of g(0).
3, 409
Suppose 22*i - 27*i + 940 = 0. What are the prime factors of i?
2, 47
Let k = 46 + -42. Suppose -148 = -k*d + 88. List the prime factors of d.
59
Suppose -5*w - 51 = 339. Let q = 125 + w. List the prime factors of q.
47
Let f be (-3)/((-9)/(-6)) + 14. Suppose -16*q + f*q + 48 = 0. List the prime factors of (3 - 2)*q + 3.
3, 5
Suppose -2*a = u + 96, 5*a + 193 = 5*u - 77. Let n be a/15*6/5. Let b(z) = -7*z - 6. What are the prime factors of b(n)?
2, 11
Let l be (-11)/(-22) - 6/(-4). Suppose -5*b = -l*z - 2*z - 103, -b + z = -21. Let k = b + 4. What are the prime factors of k?
23
Let w = -2 - -1. Let g be 0 - w/((-4)/(-60)). Let v = g - 3. List the prime factors of v.
2, 3
Let v = 117 + -76. Let k = 74 - v. What are the prime factors of k?
3, 11
Suppose -1460 = -3*v + 2*j, 0*v = 3*v + 2*j - 1444. What are the prime factors of v?
2, 11
Let g(q) = -q**2 - 8*q - 3. Let i be g(-7). Suppose -4*k - k + i*a = -346, 3*a = 3*k - 207. List the prime factors of k.
2, 5, 7
Let g = 2 - -42. Suppose -15 = 3*z, 2*a - 4*z - 42 = g. What are the prime factors of a?
3, 11
Suppose -5*c + 7 = -3*c + 5*q, 61 = 5*c - 2*q. Let a(v) = 10*v + 35. What are the prime factors of a(c)?
5, 29
Let k be -4 - 0*4/(-8) - -89. Suppose -m - 5*p + k = -10, 4*p - 316 = -4*m. What are the prime factors of m?
3, 5
Let n(f) = -f**3 + 16*f**2 - 14*f + 3. Let r be 6/15 - 73/(-5). What are the prime factors of n(r)?
2, 3
Let x = -1691 - -2434. List the prime factors of x.
743
Suppose -3167 = -5*g + 1628. List the prime factors of g.
7, 137
Let h = 12 + -1. Suppose 8*s = h*s - 30. Suppose -5*k = -20 - s. List the prime factors of k.
2, 3
Suppose -2*q + 34*d + 4122 = 31*d, 0 = -5*d + 10. What are the prime factors of q?
2, 3, 43
Let c(u) = -u**2 - 23*u - 8. Let h be (-83)/9 - 8/(-36). What are the prime fac